{"id":5514,"date":"2024-03-22T00:45:49","date_gmt":"2024-03-22T00:45:49","guid":{"rendered":"https:\/\/aiden.es\/store\/?post_type=product&#038;p=5514"},"modified":"2024-03-27T17:02:20","modified_gmt":"2024-03-27T17:02:20","slug":"galaxy-s21-5g-128gb-gris-libre","status":"publish","type":"product","link":"https:\/\/aiden.es\/store\/product\/galaxy-s21-5g-128gb-gris-libre\/","title":{"rendered":"Galaxy S21 5G 128GB &#8211; Gris &#8211; Libre"},"content":{"rendered":"<p>Procesador:<\/p>\n<p>Samsung Exynos 2100 (en algunas regiones) o Qualcomm Snapdragon 888 (en otras regiones), dependiendo del mercado.<br \/>\nAmbos procesadores son de \u00faltima generaci\u00f3n y ofrecen un rendimiento excepcional para tareas intensivas y multitarea.<br \/>\nMemoria RAM:<\/p>\n<p>8 GB de RAM.<br \/>\nEsta cantidad de RAM permite una ejecuci\u00f3n fluida de m\u00faltiples aplicaciones y un rendimiento r\u00e1pido en general.<br \/>\nAlmacenamiento interno:<\/p>\n<p>128 GB de almacenamiento interno.<br \/>\nEste espacio de almacenamiento es suficiente para almacenar una cantidad considerable de aplicaciones, fotos, videos y otros archivos multimedia.<br \/>\nPantalla:<\/p>\n<p>Pantalla Dynamic AMOLED de 6.2 pulgadas.<br \/>\nResoluci\u00f3n de 2400 x 1080 p\u00edxeles.<br \/>\nFrecuencia de actualizaci\u00f3n de 120Hz para una experiencia de desplazamiento y navegaci\u00f3n suave.<br \/>\nC\u00e1mara trasera:<\/p>\n<p>Sistema de c\u00e1mara triple:<br \/>\nC\u00e1mara principal de 12 megap\u00edxeles con apertura f\/1.8.<br \/>\nC\u00e1mara ultra gran angular de 12 megap\u00edxeles con apertura f\/2.2.<br \/>\nC\u00e1mara telefoto de 64 megap\u00edxeles con apertura f\/2.0.<br \/>\nCapacidad para grabar video 8K a 24fps y video 4K a 60fps.<br \/>\nC\u00e1mara frontal:<\/p>\n<p>C\u00e1mara frontal de 10 megap\u00edxeles con apertura f\/2.2.<br \/>\nCapacidad para grabar video 4K a 60fps.<br \/>\nBater\u00eda:<\/p>\n<p>Bater\u00eda de 4000 mAh.<br \/>\nCompatible con carga r\u00e1pida de hasta 25W, carga inal\u00e1mbrica r\u00e1pida de hasta 15W y carga inal\u00e1mbrica reversible de hasta 4.5W.<br \/>\nConectividad:<\/p>\n<p>5G compatible.<br \/>\nWi-Fi 6 (802.11ax) para una conectividad inal\u00e1mbrica r\u00e1pida y estable.<br \/>\nBluetooth 5.1 para conectividad con dispositivos perif\u00e9ricos.<br \/>\nSistema operativo:<\/p>\n<p>Android 11 con la capa de personalizaci\u00f3n One UI 3.1 de Samsung.<\/p>\n","protected":false},"excerpt":{"rendered":"<p>Otros aspectos destacados:<\/p>\n<p>Sensor de huellas dactilares ultras\u00f3nico en pantalla.<br \/>\nCertificaci\u00f3n IP68 para resistencia al polvo y al agua.<br \/>\nAltavoces est\u00e9reo AKG con sonido envolvente.<\/p>\n<p><script src=\"https:\/\/static.elfsight.com\/platform\/platform.js\" data-use-service-core defer><\/script><\/p>\n<div class=\"elfsight-app-dfcb4d41-0866-4018-abbd-5849ef167fb1\" data-elfsight-app-lazy=\"\"><\/div>\n<p><script src=\"https:\/\/static.elfsight.com\/platform\/platform.js\" data-use-service-core defer><\/script><\/p>\n<div class=\"elfsight-app-3daf05dc-1c8e-43c2-8433-fe1a6ba0f6c8\" data-elfsight-app-lazy=\"\">\n<div class=\"gb-group group-wrap-layout wrap-right\">\n<p>&nbsp;<\/p>\n<\/div>\n<\/div>\n","protected":false},"featured_media":5515,"template":"","meta":[],"product_cat":[15],"product_tag":[],"class_list":{"0":"post-5514","1":"product","2":"type-product","3":"status-publish","4":"has-post-thumbnail","6":"product_cat-uncategorized","8":"first","9":"instock","10":"taxable","11":"shipping-taxable","12":"purchasable","13":"product-type-simple"},"aioseo_notices":[],"_links":{"self":[{"href":"https:\/\/aiden.es\/store\/wp-json\/wp\/v2\/product\/5514","targetHints":{"allow":["GET"]}}],"collection":[{"href":"https:\/\/aiden.es\/store\/wp-json\/wp\/v2\/product"}],"about":[{"href":"https:\/\/aiden.es\/store\/wp-json\/wp\/v2\/types\/product"}],"wp:featuredmedia":[{"embeddable":true,"href":"https:\/\/aiden.es\/store\/wp-json\/wp\/v2\/media\/5515"}],"wp:attachment":[{"href":"https:\/\/aiden.es\/store\/wp-json\/wp\/v2\/media?parent=5514"}],"wp:term":[{"taxonomy":"product_cat","embeddable":true,"href":"https:\/\/aiden.es\/store\/wp-json\/wp\/v2\/product_cat?post=5514"},{"taxonomy":"product_tag","embeddable":true,"href":"https:\/\/aiden.es\/store\/wp-json\/wp\/v2\/product_tag?post=5514"}],"curies":[{"name":"wp","href":"https:\/\/api.w.org\/{rel}","templated":true}]}}