{"id":5558,"date":"2024-03-22T13:57:42","date_gmt":"2024-03-22T13:57:42","guid":{"rendered":"https:\/\/aiden.es\/store\/?post_type=product&#038;p=5558"},"modified":"2024-10-07T14:04:34","modified_gmt":"2024-10-07T14:04:34","slug":"macbook-pro-13-retina-2017-core-i5-2-3-ghz-ssd-256-8gb-teclado-espanol","status":"publish","type":"product","link":"https:\/\/aiden.es\/store\/product\/macbook-pro-13-retina-2017-core-i5-2-3-ghz-ssd-256-8gb-teclado-espanol\/","title":{"rendered":"MacBook Pro 13&#8243; Retina (2017) &#8211; Core i5 2.3 GHz SSD 256 &#8211; 8GB &#8211; teclado espa\u00f1ol"},"content":{"rendered":"<p>Procesador:<\/p>\n<p>Procesador Intel Core i5 de doble n\u00facleo a 2.3 GHz (Turbo Boost de hasta 3.6 GHz), con 64 MB de memoria eDRAM integrada.<br \/>\nMemoria RAM:<\/p>\n<p>8 GB de memoria RAM LPDDR3 integrada a 2133 MHz.<br \/>\nAlmacenamiento:<\/p>\n<p>Disco de estado s\u00f3lido (SSD) de 256 GB PCIe.<br \/>\nGr\u00e1ficos:<\/p>\n<p>Gr\u00e1ficos Intel Iris Plus Graphics 640 que comparten memoria con el sistema.<br \/>\nPantalla:<\/p>\n<p>Pantalla Retina de 13.3 pulgadas (en diagonal) con retroiluminaci\u00f3n LED y tecnolog\u00eda IPS.<br \/>\nResoluci\u00f3n nativa de 2560 por 1600 p\u00edxeles a 227 p\u00edxeles por pulgada con soporte para millones de colores.<br \/>\nResoluciones escaladas: 1680 por 1050, 1440 por 900 y 1024 por 640 p\u00edxeles.<br \/>\nC\u00e1mara:<\/p>\n<p>C\u00e1mara FaceTime HD de 720p.<br \/>\nConexiones:<\/p>\n<p>Cuatro puertos Thunderbolt 3 (USB-C) compatibles con:<br \/>\nCarga<br \/>\nDisplayPort<br \/>\nThunderbolt (hasta 40 Gb\/s)<br \/>\nUSB 3.1 Gen 2 (hasta 10 Gb\/s)<br \/>\nConector para auriculares de 3.5 mm.<br \/>\nConectividad:<\/p>\n<p>Wi-Fi 802.11ac compatible con IEEE 802.11a\/b\/g\/n.<br \/>\nBluetooth 4.2.<br \/>\nTeclado y Trackpad:<\/p>\n<p>Teclado retroiluminado con sensor de luz ambiental y teclas individuales.<br \/>\nTeclado con disposici\u00f3n en espa\u00f1ol (ISO) y sistema de tijera.<br \/>\nTrackpad Force Touch para un control preciso del cursor y detecci\u00f3n de la presi\u00f3n.<br \/>\nDimensiones y Peso:<\/p>\n<p>Altura: 1.49 cm (0.59 pulgadas).<br \/>\nAncho: 30.41 cm (11.97 pulgadas).<br \/>\nProfundidad: 21.24 cm (8.36 pulgadas).<br \/>\nPeso: 1.37 kg (3.02 libras).<br \/>\nSistema Operativo:<\/p>\n<p>Viene con macOS preinstalado.<\/p>\n","protected":false},"excerpt":{"rendered":"<p>Este MacBook Pro de 13 pulgadas, con su dise\u00f1o delgado y potente, ofrece un rendimiento adecuado para tareas diarias, dise\u00f1o gr\u00e1fico, programaci\u00f3n y otras actividades relacionadas con la creatividad y la productividad.<\/p>\n<p><script src=\"https:\/\/static.elfsight.com\/platform\/platform.js\" data-use-service-core defer><\/script><\/p>\n<div class=\"elfsight-app-dfcb4d41-0866-4018-abbd-5849ef167fb1\" data-elfsight-app-lazy=\"\"><\/div>\n<p><script src=\"https:\/\/static.elfsight.com\/platform\/platform.js\" data-use-service-core defer><\/script><\/p>\n<div class=\"elfsight-app-3daf05dc-1c8e-43c2-8433-fe1a6ba0f6c8\" data-elfsight-app-lazy=\"\">\n<div class=\"gb-group group-wrap-layout wrap-right\">\n<p>&nbsp;<\/p>\n<\/div>\n<\/div>\n","protected":false},"featured_media":5559,"template":"","meta":[],"product_cat":[120],"product_tag":[],"class_list":{"0":"post-5558","1":"product","2":"type-product","3":"status-publish","4":"has-post-thumbnail","6":"product_cat-ordenadores","8":"first","9":"instock","10":"sale","11":"taxable","12":"shipping-taxable","13":"purchasable","14":"product-type-simple"},"aioseo_notices":[],"_links":{"self":[{"href":"https:\/\/aiden.es\/store\/wp-json\/wp\/v2\/product\/5558","targetHints":{"allow":["GET"]}}],"collection":[{"href":"https:\/\/aiden.es\/store\/wp-json\/wp\/v2\/product"}],"about":[{"href":"https:\/\/aiden.es\/store\/wp-json\/wp\/v2\/types\/product"}],"wp:featuredmedia":[{"embeddable":true,"href":"https:\/\/aiden.es\/store\/wp-json\/wp\/v2\/media\/5559"}],"wp:attachment":[{"href":"https:\/\/aiden.es\/store\/wp-json\/wp\/v2\/media?parent=5558"}],"wp:term":[{"taxonomy":"product_cat","embeddable":true,"href":"https:\/\/aiden.es\/store\/wp-json\/wp\/v2\/product_cat?post=5558"},{"taxonomy":"product_tag","embeddable":true,"href":"https:\/\/aiden.es\/store\/wp-json\/wp\/v2\/product_tag?post=5558"}],"curies":[{"name":"wp","href":"https:\/\/api.w.org\/{rel}","templated":true}]}}

MacBook Pro 13&#8243; Retina (2017) &#8211; Core i5 2.3 GHz SSD 256 &#8211; 8GB &#8211; teclado español

<p>Procesador:</p>
<p>Procesador Intel Core i5 de doble núcleo a 2.3 GHz (Turbo Boost de hasta 3.6 GHz), con 64 MB de memoria eDRAM integrada.<br />
Memoria RAM:</p>
<p>8 GB de memoria RAM LPDDR3 integrada a 2133 MHz.<br />
Almacenamiento:</p>
<p>Disco de estado sólido (SSD) de 256 GB PCIe.<br />
Gráficos:</p>
<p>Gráficos Intel Iris Plus Graphics 640 que comparten memoria con el sistema.<br />
Pantalla:</p>
<p>Pantalla Retina de 13.3 pulgadas (en diagonal) con retroiluminación LED y tecnología IPS.<br />
Resolución nativa de 2560 por 1600 píxeles a 227 píxeles por pulgada con soporte para millones de colores.<br />
Resoluciones escaladas: 1680 por 1050, 1440 por 900 y 1024 por 640 píxeles.<br />
Cámara:</p>
<p>Cámara FaceTime HD de 720p.<br />
Conexiones:</p>
<p>Cuatro puertos Thunderbolt 3 (USB-C) compatibles con:<br />
Carga<br />
DisplayPort<br />
Thunderbolt (hasta 40 Gb/s)<br />
USB 3.1 Gen 2 (hasta 10 Gb/s)<br />
Conector para auriculares de 3.5 mm.<br />
Conectividad:</p>
<p>Wi-Fi 802.11ac compatible con IEEE 802.11a/b/g/n.<br />
Bluetooth 4.2.<br />
Teclado y Trackpad:</p>
<p>Teclado retroiluminado con sensor de luz ambiental y teclas individuales.<br />
Teclado con disposición en español (ISO) y sistema de tijera.<br />
Trackpad Force Touch para un control preciso del cursor y detección de la presión.<br />
Dimensiones y Peso:</p>
<p>Altura: 1.49 cm (0.59 pulgadas).<br />
Ancho: 30.41 cm (11.97 pulgadas).<br />
Profundidad: 21.24 cm (8.36 pulgadas).<br />
Peso: 1.37 kg (3.02 libras).<br />
Sistema Operativo:</p>
<p>Viene con macOS preinstalado.</p>

<p>Este MacBook Pro de 13 pulgadas, con su diseño delgado y potente, ofrece un rendimiento adecuado para tareas diarias, diseño gráfico, programación y otras actividades relacionadas con la creatividad y la productividad.</p>
<p><script src="https://static.elfsight.com/platform/platform.js" data-use-service-core defer></script></p>
<div class="elfsight-app-dfcb4d41-0866-4018-abbd-5849ef167fb1" data-elfsight-app-lazy=""></div>
<p><script src="https://static.elfsight.com/platform/platform.js" data-use-service-core defer></script></p>
<div class="elfsight-app-3daf05dc-1c8e-43c2-8433-fe1a6ba0f6c8" data-elfsight-app-lazy="">
<div class="gb-group group-wrap-layout wrap-right">
<p>&nbsp;</p>
</div>
</div>
