{"id":5565,"date":"2024-03-22T14:03:49","date_gmt":"2024-03-22T14:03:49","guid":{"rendered":"https:\/\/aiden.es\/store\/?post_type=product&#038;p=5565"},"modified":"2024-03-27T16:51:22","modified_gmt":"2024-03-27T16:51:22","slug":"ipad-10-9-2022-10-a-generacion-64-go-wifi-azul","status":"publish","type":"product","link":"https:\/\/aiden.es\/store\/product\/ipad-10-9-2022-10-a-generacion-64-go-wifi-azul\/","title":{"rendered":"iPad 10.9 (2022) 10.a generaci\u00f3n 64 Go &#8211; WiFi &#8211; Azul"},"content":{"rendered":"<p>Pantalla:<\/p>\n<p>Tama\u00f1o de pantalla: 10.9 pulgadas.<br \/>\nTipo de pantalla: Retina, posiblemente con tecnolog\u00eda True Tone y laminaci\u00f3n completa.<br \/>\nResoluci\u00f3n: Probablemente alrededor de 2360 x 1640 p\u00edxeles.<br \/>\nProcesador:<\/p>\n<p>Es probable que utilice un chip Apple dise\u00f1ado espec\u00edficamente para el iPad de esa generaci\u00f3n. Podr\u00eda ser un chip A14 Bionic o incluso un modelo m\u00e1s reciente, dependiendo de la fecha exacta de lanzamiento.<br \/>\nAlmacenamiento:<\/p>\n<p>Capacidad de almacenamiento: 64 GB en el modelo base. Puede haber opciones de almacenamiento m\u00e1s grandes disponibles.<br \/>\nConectividad:<\/p>\n<p>WiFi: Compatible con WiFi est\u00e1ndar 802.11ax (WiFi 6).<br \/>\nBluetooth: Probablemente Bluetooth 5.0 o superior.<br \/>\nOtras opciones de conectividad pueden incluir soporte para redes celulares en modelos espec\u00edficos.<br \/>\nC\u00e1mara:<\/p>\n<p>C\u00e1mara trasera: Podr\u00eda tener una c\u00e1mara principal de alta resoluci\u00f3n, probablemente con capacidades de grabaci\u00f3n de video 4K.<br \/>\nC\u00e1mara frontal: Posiblemente una c\u00e1mara FaceTime HD con soporte para funciones como modo retrato y Face ID.<br \/>\nBater\u00eda:<\/p>\n<p>Duraci\u00f3n de la bater\u00eda: Var\u00eda seg\u00fan el uso, pero Apple suele ofrecer hasta 10 horas de navegaci\u00f3n por Internet a trav\u00e9s de WiFi o reproducci\u00f3n de video.<br \/>\nSistema operativo:<\/p>\n<p>Ejecutar\u00eda la \u00faltima versi\u00f3n de iPadOS disponible en ese momento, con acceso a todas las funciones y actualizaciones de software m\u00e1s recientes.<br \/>\nOtros aspectos:<\/p>\n<p>Puede incluir caracter\u00edsticas adicionales como soporte para el Apple Pencil de 2.a generaci\u00f3n, Smart Keyboard y compatibilidad con otros accesorios.<\/p>\n","protected":false},"excerpt":{"rendered":"<p>Esta descripci\u00f3n proporciona una visi\u00f3n general de las especificaciones t\u00e9cnicas clave del iPad 10.9 (2022) 10.a generaci\u00f3n 64 Go &#8211; WiFi &#8211; Azul<\/p>\n<p><script src=\"https:\/\/static.elfsight.com\/platform\/platform.js\" data-use-service-core defer><\/script><\/p>\n<div class=\"elfsight-app-dfcb4d41-0866-4018-abbd-5849ef167fb1\" data-elfsight-app-lazy=\"\"><\/div>\n<p><script src=\"https:\/\/static.elfsight.com\/platform\/platform.js\" data-use-service-core defer><\/script><\/p>\n<div class=\"elfsight-app-3daf05dc-1c8e-43c2-8433-fe1a6ba0f6c8\" data-elfsight-app-lazy=\"\">\n<div class=\"gb-group group-wrap-layout wrap-right\">\n<p>&nbsp;<\/p>\n<\/div>\n<\/div>\n","protected":false},"featured_media":5567,"template":"","meta":[],"product_cat":[103],"product_tag":[],"class_list":{"0":"post-5565","1":"product","2":"type-product","3":"status-publish","4":"has-post-thumbnail","6":"product_cat-ipad","8":"first","9":"instock","10":"taxable","11":"shipping-taxable","12":"purchasable","13":"product-type-simple"},"aioseo_notices":[],"_links":{"self":[{"href":"https:\/\/aiden.es\/store\/wp-json\/wp\/v2\/product\/5565","targetHints":{"allow":["GET"]}}],"collection":[{"href":"https:\/\/aiden.es\/store\/wp-json\/wp\/v2\/product"}],"about":[{"href":"https:\/\/aiden.es\/store\/wp-json\/wp\/v2\/types\/product"}],"wp:featuredmedia":[{"embeddable":true,"href":"https:\/\/aiden.es\/store\/wp-json\/wp\/v2\/media\/5567"}],"wp:attachment":[{"href":"https:\/\/aiden.es\/store\/wp-json\/wp\/v2\/media?parent=5565"}],"wp:term":[{"taxonomy":"product_cat","embeddable":true,"href":"https:\/\/aiden.es\/store\/wp-json\/wp\/v2\/product_cat?post=5565"},{"taxonomy":"product_tag","embeddable":true,"href":"https:\/\/aiden.es\/store\/wp-json\/wp\/v2\/product_tag?post=5565"}],"curies":[{"name":"wp","href":"https:\/\/api.w.org\/{rel}","templated":true}]}}